{"id":5654,"date":"2024-07-06T16:51:44","date_gmt":"2024-07-06T19:51:44","guid":{"rendered":"https:\/\/desdelapatagonia.uncoma.edu.ar\/?page_id=5654"},"modified":"2024-07-16T20:32:01","modified_gmt":"2024-07-16T23:32:01","slug":"revista-no-37","status":"publish","type":"page","link":"https:\/\/desdelapatagonia.uncoma.edu.ar\/index.php\/archivo\/revista-no-37\/","title":{"rendered":"Revista N\u00ba 37"},"content":{"rendered":"\n<hr class=\"wp-block-separator has-css-opacity\"\/>\n\n\n\n<h1 class=\"wp-block-heading has-text-align-center\">Contenido<\/h1>\n\n\n\n<hr class=\"wp-block-separator has-css-opacity\"\/>\n\n\n<div class=\"wp-block-image\">\n<figure class=\"alignright size-medium is-resized\"><a href=\"https:\/\/desdelapatagonia.uncoma.edu.ar\/wp-content\/uploads\/2024\/07\/Revista-37-completa.pdf\" target=\"_blank\" rel=\"noreferrer noopener\"><img decoding=\"async\" src=\"https:\/\/desdelapatagonia.uncoma.edu.ar\/wp-content\/uploads\/2024\/07\/Revista-37_TAPA-01-01.jpg\" alt=\"Imagen de la tapa de la revista n\u00famero 37 Autores: Priscilla Vieto Bonilla y Brandon Antonio Segura Torres\" class=\"wp-image-5139\" style=\"width:215px;height:auto\" title=\"Imagen de la tapa n\u00famero 37 con una foto de Ceratodaphnia de Priscilla Vieto Bonilla y Brandon Antonio Segura Torres y que est\u00e1 el enlazada al archivo pdf completo de la revista\"\/><\/a><\/figure><\/div>\n\n\n<p><a href=\"https:\/\/desdelapatagonia.uncoma.edu.ar\/index.php\/editorial-n-37\/\" data-type=\"link\" data-id=\"https:\/\/desdelapatagonia.uncoma.edu.ar\/index.php\/editorial-n-37\/\">EDITORIAL<\/a><\/p>\n\n\n\n<p><a href=\"https:\/\/desdelapatagonia.uncoma.edu.ar\/index.php\/mas-vale-100-volando\/\" data-type=\"link\" data-id=\"https:\/\/desdelapatagonia.uncoma.edu.ar\/index.php\/mas-vale-100-volando\/\">M\u00c1S VALE 100 VOLANDO<\/a><br>Pablo D. Lavinia, Delfina Arancio Sidoti, Elvira Canio, Cintia Leder, Neri Maidana, Pablo M. Ulrich y Marina Winter<\/p>\n\n\n\n<p>RESE\u00d1A DE LIBRO:<a href=\"https:\/\/desdelapatagonia.uncoma.edu.ar\/index.php\/resena-de-libro-cinco-calles-caminos-de-promocion-de-la-salud-en-pandemia\/\" data-type=\"link\" data-id=\"https:\/\/desdelapatagonia.uncoma.edu.ar\/index.php\/resena-de-libro-cinco-calles-caminos-de-promocion-de-la-salud-en-pandemia\/\"> CINCO CALLES &#8211; CAMINOS DE PROMOCI\u00d3N DE LA SALUD EN PANDEMIA<\/a><br>Rese\u00f1a realizada por Luc\u00eda A. Angaut<\/p>\n\n\n\n<p><a href=\"https:\/\/desdelapatagonia.uncoma.edu.ar\/index.php\/las-aves-mas-cazadas\/\" data-type=\"link\" data-id=\"https:\/\/desdelapatagonia.uncoma.edu.ar\/index.php\/las-aves-mas-cazadas\/\">LAS AVES M\u00c1S CAZADAS<\/a><br>Isabel Cruz<\/p>\n\n\n\n<p><a href=\"https:\/\/desdelapatagonia.uncoma.edu.ar\/index.php\/navegan-nuestras-memorias\/\" data-type=\"link\" data-id=\"https:\/\/desdelapatagonia.uncoma.edu.ar\/index.php\/navegan-nuestras-memorias\/\">NAVEGAN NUESTRAS MEMORIAS<\/a><br>por Pablo E. Pezzoni<\/p>\n\n\n\n<p>REPORTAJE: <a href=\"https:\/\/desdelapatagonia.uncoma.edu.ar\/index.php\/reportaje-diego-libking\/\" data-type=\"link\" data-id=\"https:\/\/desdelapatagonia.uncoma.edu.ar\/index.php\/reportaje-diego-libking\/\">DIEGO LIBKIND<\/a><br>por Gustavo Viozzi y Natalia Fern\u00e1ndez<\/p>\n\n\n\n<p><a href=\"https:\/\/desdelapatagonia.uncoma.edu.ar\/index.php\/historia-del-soyem-bariloche-1946-2015\/\" data-type=\"link\" data-id=\"https:\/\/desdelapatagonia.uncoma.edu.ar\/index.php\/historia-del-soyem-bariloche-1946-2015\/\">HISTORIA DEL SOYEM BARILOCHE (1946-2015)<\/a><br>Luciano Arancibia Ag\u00fcero y Nancy Vargas<\/p>\n\n\n\n<p>RESE\u00d1A DE LIBRO: <a href=\"https:\/\/desdelapatagonia.uncoma.edu.ar\/index.php\/resena-de-libro-derivas-de-la-sangre-performatividades-discursivas-en-abuelas-de-plaza-de-mayo\/\" data-type=\"link\" data-id=\"https:\/\/desdelapatagonia.uncoma.edu.ar\/index.php\/resena-de-libro-derivas-de-la-sangre-performatividades-discursivas-en-abuelas-de-plaza-de-mayo\/\">DERIVAS DE LA SANGRE &#8211; Performatividades discursivas en Abuelas de Plaza de Mayo<\/a><br>Rese\u00f1a realizada por Laura Eisner<\/p>\n\n\n\n<p>DESDE LA PATAGONIA: <a href=\"https:\/\/desdelapatagonia.uncoma.edu.ar\/index.php\/la-asamblea-universitaria-de-la-unco\/\" data-type=\"link\" data-id=\"https:\/\/desdelapatagonia.uncoma.edu.ar\/index.php\/la-asamblea-universitaria-de-la-unco\/\">LA ASAMBLEA UNIVERSITARIA DE LA UNCO<\/a><br>Marcelo Alonso<\/p>\n\n\n\n<p>DESDE LA PATAGONIA: <a href=\"https:\/\/desdelapatagonia.uncoma.edu.ar\/index.php\/retratando-la-ciencia\/\" data-type=\"link\" data-id=\"https:\/\/desdelapatagonia.uncoma.edu.ar\/index.php\/retratando-la-ciencia\/\">RETRATANDO LA CIENCIA<\/a><br>Roberto D. Garc\u00eda<\/p>\n\n\n\n<p>DESDE LA PATAGONIA: <a href=\"https:\/\/desdelapatagonia.uncoma.edu.ar\/index.php\/guardianes-de-la-naturaleza\/\" data-type=\"link\" data-id=\"https:\/\/desdelapatagonia.uncoma.edu.ar\/index.php\/guardianes-de-la-naturaleza\/\">GUARDIANES DE LA NATURALEZA<\/a><br>Melisa Blackhall, Jorgelina Franzese y Pedro Laterra<\/p>\n\n\n\n<p><a href=\"https:\/\/desdelapatagonia.uncoma.edu.ar\/index.php\/tesis-ciencia-ciudadana-e-invasiones-biologicas\/\" data-type=\"link\" data-id=\"https:\/\/desdelapatagonia.uncoma.edu.ar\/index.php\/tesis-ciencia-ciudadana-e-invasiones-biologicas\/\">TESIS: CIENCIA CIUDADANA E INVASIONES BIOL\u00d3GICAS<\/a><br>Tesis realizada por Victoria Campopiano Robinson<\/p>\n\n\n\n<p><a href=\"https:\/\/desdelapatagonia.uncoma.edu.ar\/wp-content\/uploads\/2024\/07\/Revista-37_Librerias.pdf\" data-type=\"link\" data-id=\"https:\/\/desdelapatagonia.uncoma.edu.ar\/wp-content\/uploads\/2024\/07\/Revista-37_Librerias.pdf\">EN LAS LIBRER\u00cdAS<\/a><\/p>\n\n\n\n<p>ARTE: <a href=\"https:\/\/desdelapatagonia.uncoma.edu.ar\/wp-content\/uploads\/2024\/07\/Revista-37_ARTE.pdf\" data-type=\"link\" data-id=\"https:\/\/desdelapatagonia.uncoma.edu.ar\/wp-content\/uploads\/2024\/07\/Revista-37_ARTE.pdf\">EDGARDO C\u00c1RDENAS<\/a><\/p>\n\n\n\n<hr class=\"wp-block-separator has-css-opacity\"\/>\n\n\n\n<p><a href=\"https:\/\/desdelapatagonia.uncoma.edu.ar\/wp-content\/uploads\/2024\/07\/Revista-37-completa.pdf\" data-type=\"link\" data-id=\"https:\/\/desdelapatagonia.uncoma.edu.ar\/wp-content\/uploads\/2024\/07\/Revista-37-completa.pdf\">DESCARGAR REVISTA COMPLETA<\/a><\/p>\n","protected":false},"excerpt":{"rendered":"<p>Contenido EDITORIAL M\u00c1S VALE 100 VOLANDOPablo D. Lavinia, Delfina Arancio Sidoti, Elvira Canio, Cintia Leder, Neri Maidana, Pablo M. Ulrich y Marina Winter RESE\u00d1A DE LIBRO: CINCO CALLES &#8211; CAMINOS DE PROMOCI\u00d3N DE LA SALUD EN PANDEMIARese\u00f1a realizada por Luc\u00eda A. Angaut LAS AVES M\u00c1S CAZADASIsabel Cruz NAVEGAN NUESTRAS MEMORIASpor Pablo E. Pezzoni REPORTAJE: DIEGO LIBKINDpor Gustavo Viozzi y Natalia Fern\u00e1ndez HISTORIA DEL SOYEM BARILOCHE (1946-2015)Luciano Arancibia Ag\u00fcero y Nancy Vargas RESE\u00d1A DE LIBRO: DERIVAS DE LA SANGRE &#8211; Performatividades&#8230;<\/p>\n<p class=\"read-more\"><a class=\"btn btn-default\" href=\"https:\/\/desdelapatagonia.uncoma.edu.ar\/index.php\/archivo\/revista-no-37\/\"> Read More<span class=\"screen-reader-text\">  Read More<\/span><\/a><\/p>\n","protected":false},"author":2,"featured_media":0,"parent":20,"menu_order":37,"comment_status":"closed","ping_status":"closed","template":"","meta":{"_monsterinsights_skip_tracking":false,"_monsterinsights_sitenote_active":false,"_monsterinsights_sitenote_note":"","_monsterinsights_sitenote_category":0,"footnotes":""},"aioseo_notices":[],"_links":{"self":[{"href":"https:\/\/desdelapatagonia.uncoma.edu.ar\/index.php\/wp-json\/wp\/v2\/pages\/5654"}],"collection":[{"href":"https:\/\/desdelapatagonia.uncoma.edu.ar\/index.php\/wp-json\/wp\/v2\/pages"}],"about":[{"href":"https:\/\/desdelapatagonia.uncoma.edu.ar\/index.php\/wp-json\/wp\/v2\/types\/page"}],"author":[{"embeddable":true,"href":"https:\/\/desdelapatagonia.uncoma.edu.ar\/index.php\/wp-json\/wp\/v2\/users\/2"}],"replies":[{"embeddable":true,"href":"https:\/\/desdelapatagonia.uncoma.edu.ar\/index.php\/wp-json\/wp\/v2\/comments?post=5654"}],"version-history":[{"count":9,"href":"https:\/\/desdelapatagonia.uncoma.edu.ar\/index.php\/wp-json\/wp\/v2\/pages\/5654\/revisions"}],"predecessor-version":[{"id":5738,"href":"https:\/\/desdelapatagonia.uncoma.edu.ar\/index.php\/wp-json\/wp\/v2\/pages\/5654\/revisions\/5738"}],"up":[{"embeddable":true,"href":"https:\/\/desdelapatagonia.uncoma.edu.ar\/index.php\/wp-json\/wp\/v2\/pages\/20"}],"wp:attachment":[{"href":"https:\/\/desdelapatagonia.uncoma.edu.ar\/index.php\/wp-json\/wp\/v2\/media?parent=5654"}],"curies":[{"name":"wp","href":"https:\/\/api.w.org\/{rel}","templated":true}]}}