{"id":2865,"date":"2019-01-05T02:41:59","date_gmt":"2019-01-05T05:41:59","guid":{"rendered":"http:\/\/desdelapatagonia.uncoma.edu.ar\/?page_id=2865"},"modified":"2019-11-21T10:08:57","modified_gmt":"2019-11-21T13:08:57","slug":"revista-no-13","status":"publish","type":"page","link":"https:\/\/desdelapatagonia.uncoma.edu.ar\/index.php\/archivo\/revista-no-13\/","title":{"rendered":"Revista N\u00ba 13"},"content":{"rendered":"<h3 style=\"text-align: center;\">Volumen 9, N\u00ba13 | Enero de 2011 \u2013 Junio de 2012<\/h3>\n<hr>\n<h1 style=\"text-align: center;\">Contenido<\/h1>\n<hr>\n<p><a href=\"https:\/\/desdelapatagonia.uncoma.edu.ar\/wp-content\/uploads\/2019\/01\/Revista-N13_COMPLETA.pdf\"><img loading=\"lazy\" decoding=\"async\" class=\"wp-image-2868 size-medium alignright\" src=\"https:\/\/desdelapatagonia.uncoma.edu.ar\/wp-content\/uploads\/2019\/01\/TAPA-13-212x300.jpg\" alt=\"\" width=\"212\" height=\"300\" srcset=\"https:\/\/desdelapatagonia.uncoma.edu.ar\/wp-content\/uploads\/2019\/01\/TAPA-13-212x300.jpg 212w, https:\/\/desdelapatagonia.uncoma.edu.ar\/wp-content\/uploads\/2019\/01\/TAPA-13-768x1086.jpg 768w, https:\/\/desdelapatagonia.uncoma.edu.ar\/wp-content\/uploads\/2019\/01\/TAPA-13-724x1024.jpg 724w, https:\/\/desdelapatagonia.uncoma.edu.ar\/wp-content\/uploads\/2019\/01\/TAPA-13-191x270.jpg 191w\" sizes=\"(max-width: 212px) 100vw, 212px\" \/><\/a><\/p>\n<p><a href=\"https:\/\/desdelapatagonia.uncoma.edu.ar\/index.php\/editorial-no-13\/\"><span style=\"color: #3366ff;\">EDITORIAL<\/span><\/a><\/p>\n<p><a href=\"https:\/\/desdelapatagonia.uncoma.edu.ar\/index.php\/el-acuarismo-y-sus-riesgos\/\"><span style=\"color: #3366ff;\">EL ACUARISMO Y SUS RIESGOS<\/span><\/a><br \/>\nSim\u00f3n Cuminetti, Silvio Temi, Carlos Rauque, Leonardo Buria y Patricio Macchi<\/p>\n<p>RESE\u00d1A DE LIBRO: <a href=\"https:\/\/desdelapatagonia.uncoma.edu.ar\/index.php\/arbustos-silvestres-con-frutos-carnosos-de-patagonia\/\"><span style=\"color: #3366ff;\">ARBUSTOS SILVESTRES CON FRUTOS CARNOSOS DE PATAGONIA<\/span><\/a><br \/>\nRese\u00f1a realizada por Cecilia Ezcurra<\/p>\n<p><a href=\"https:\/\/desdelapatagonia.uncoma.edu.ar\/index.php\/esquivando-grandotes\/\"><span style=\"color: #3366ff;\">ESQUIVANDO GRANDOTES<\/span><\/a><br \/>\nIgnacio Maniel y Sebasti\u00e1n Apestegu\u00eda<\/p>\n<p>RESE\u00d1A DE LIBRO: <a href=\"https:\/\/desdelapatagonia.uncoma.edu.ar\/index.php\/aime-paine-la-voz-del-pueblo-mapuche\/\"><span style=\"color: #3366ff;\">AIM\u00c9 PAIN\u00c9. LA VOZ DEL PUEBLO MAPUCHE<\/span><\/a><br \/>\nRese\u00f1a realizada por Pablo F. Azar<\/p>\n<p>DESDE LA PATAGONIA: <a href=\"https:\/\/desdelapatagonia.uncoma.edu.ar\/index.php\/24-de-marzo-bariloche-recuerda\/\"><span style=\"color: #3366ff;\">24 DE MARZO: BARILOCHE RECUERDA<\/span><\/a><br \/>\npor Margarita Ruda<\/p>\n<p>DESDE LA PATAGONIA: <a href=\"https:\/\/desdelapatagonia.uncoma.edu.ar\/index.php\/cine-de-principios-del-siglo-xx-en-la-patagonia-reportaje-a-andres-levinson\/\"><span style=\"color: #3366ff;\">CINE DE PRINCIPIOS DEL SIGLO XX EN LA PATAGONIA. REPORTAJE A ANDR\u00c9S LEVINSON<\/span><\/a><br \/>\npor Ana Pedrazzini<\/p>\n<p><a href=\"https:\/\/desdelapatagonia.uncoma.edu.ar\/index.php\/en-busca-de-la-ciudad-encantada-de-los-cesares\/\"><span style=\"color: #3366ff;\">EN BUSCA DE LA CIUDAD ENCANTADA DE LOS C\u00c9SARES<\/span><\/a><br \/>\nSebasti\u00e1n Cabrera<\/p>\n<p>ENSAYO: <a href=\"https:\/\/desdelapatagonia.uncoma.edu.ar\/index.php\/la-soberania-del-estado-sobre-los-recursos-naturales\/\"><span style=\"color: #3366ff;\">LA SOBERAN\u00cdA DEL ESTADO SOBRE LOS RECURSOS NATURALES<\/span><\/a><br \/>\nPedro F. Temporetti<\/p>\n<p><a href=\"https:\/\/desdelapatagonia.uncoma.edu.ar\/index.php\/mortandad-de-aves\/\"><span style=\"color: #3366ff;\">MORTANDAD DE AVES<\/span><\/a><br \/>\nAna Trejo, Susana Seijas y Carla M. Pozzi<\/p>\n<p>CIENCIA Y ARTE: <a href=\"https:\/\/desdelapatagonia.uncoma.edu.ar\/index.php\/claudio-chehebar\/\"><span style=\"color: #3366ff;\">CLAUDIO CHEHEBAR<\/span><\/a><br \/>\npor M\u00f3nica de Torres Curth y Diego A\u00f1\u00f3n Su\u00e1rez<\/p>\n<p>REPORTAJE&nbsp;<a href=\"https:\/\/desdelapatagonia.uncoma.edu.ar\/index.php\/reportaje-al-epistemologo-agustin-aduriz-bravo\/\"><span style=\"color: #3366ff;\">AL EPISTEM\u00d3LOGO AGUST\u00cdN AD\u00daRIZ-BRAVO <\/span><\/a><br \/>\npor Marcelo Alonso<\/p>\n<p>ARTE:&nbsp;<a href=\"https:\/\/desdelapatagonia.uncoma.edu.ar\/wp-content\/uploads\/2019\/01\/Revista-N13_ARTE.pdf\"><span style=\"color: #3366ff;\">EVA KLEWE <\/span><\/a><\/p>\n<hr>\n<p style=\"text-align: left;\"><a href=\"https:\/\/desdelapatagonia.uncoma.edu.ar\/wp-content\/uploads\/2019\/01\/Revista-N13_COMPLETA.pdf\"><span style=\"color: #3366ff;\">DESCARGAR REVISTA COMPLETA<\/span><\/a><\/p>\n","protected":false},"excerpt":{"rendered":"<p>Volumen 9, N\u00ba13 | Enero de 2011 \u2013 Junio de 2012 Contenido EDITORIAL EL ACUARISMO Y SUS RIESGOS Sim\u00f3n Cuminetti, Silvio Temi, Carlos Rauque, Leonardo Buria y Patricio Macchi RESE\u00d1A DE LIBRO: ARBUSTOS SILVESTRES CON FRUTOS CARNOSOS DE PATAGONIA Rese\u00f1a realizada por Cecilia Ezcurra ESQUIVANDO GRANDOTES Ignacio Maniel y Sebasti\u00e1n Apestegu\u00eda RESE\u00d1A DE LIBRO: AIM\u00c9 PAIN\u00c9. LA VOZ DEL PUEBLO MAPUCHE Rese\u00f1a realizada por Pablo F. Azar DESDE LA PATAGONIA: 24 DE MARZO: BARILOCHE RECUERDA por Margarita Ruda DESDE LA&#8230;<\/p>\n<p class=\"read-more\"><a class=\"btn btn-default\" href=\"https:\/\/desdelapatagonia.uncoma.edu.ar\/index.php\/archivo\/revista-no-13\/\"> Read More<span class=\"screen-reader-text\">  Read More<\/span><\/a><\/p>\n","protected":false},"author":1,"featured_media":0,"parent":20,"menu_order":13,"comment_status":"closed","ping_status":"closed","template":"","meta":{"_monsterinsights_skip_tracking":false,"_monsterinsights_sitenote_active":false,"_monsterinsights_sitenote_note":"","_monsterinsights_sitenote_category":0,"footnotes":""},"aioseo_notices":[],"_links":{"self":[{"href":"https:\/\/desdelapatagonia.uncoma.edu.ar\/index.php\/wp-json\/wp\/v2\/pages\/2865"}],"collection":[{"href":"https:\/\/desdelapatagonia.uncoma.edu.ar\/index.php\/wp-json\/wp\/v2\/pages"}],"about":[{"href":"https:\/\/desdelapatagonia.uncoma.edu.ar\/index.php\/wp-json\/wp\/v2\/types\/page"}],"author":[{"embeddable":true,"href":"https:\/\/desdelapatagonia.uncoma.edu.ar\/index.php\/wp-json\/wp\/v2\/users\/1"}],"replies":[{"embeddable":true,"href":"https:\/\/desdelapatagonia.uncoma.edu.ar\/index.php\/wp-json\/wp\/v2\/comments?post=2865"}],"version-history":[{"count":10,"href":"https:\/\/desdelapatagonia.uncoma.edu.ar\/index.php\/wp-json\/wp\/v2\/pages\/2865\/revisions"}],"predecessor-version":[{"id":4183,"href":"https:\/\/desdelapatagonia.uncoma.edu.ar\/index.php\/wp-json\/wp\/v2\/pages\/2865\/revisions\/4183"}],"up":[{"embeddable":true,"href":"https:\/\/desdelapatagonia.uncoma.edu.ar\/index.php\/wp-json\/wp\/v2\/pages\/20"}],"wp:attachment":[{"href":"https:\/\/desdelapatagonia.uncoma.edu.ar\/index.php\/wp-json\/wp\/v2\/media?parent=2865"}],"curies":[{"name":"wp","href":"https:\/\/api.w.org\/{rel}","templated":true}]}}