{"id":2813,"date":"2019-01-05T02:13:37","date_gmt":"2019-01-05T05:13:37","guid":{"rendered":"http:\/\/desdelapatagonia.uncoma.edu.ar\/?page_id=2813"},"modified":"2019-11-21T10:14:13","modified_gmt":"2019-11-21T13:14:13","slug":"revista-no-12","status":"publish","type":"page","link":"https:\/\/desdelapatagonia.uncoma.edu.ar\/index.php\/archivo\/revista-no-12\/","title":{"rendered":"Revista N\u00b0 12"},"content":{"rendered":"<h3 style=\"text-align: center;\">Volumen 8, N\u00ba 12 | Abril de 2010 \u2013 Diciembre de 2011<\/h3>\n<hr>\n<h1 style=\"text-align: center;\">Contenido<\/h1>\n<hr>\n<p><a href=\"https:\/\/desdelapatagonia.uncoma.edu.ar\/wp-content\/uploads\/2019\/01\/Revista-N12_COMPLETA.pdf\"><img loading=\"lazy\" decoding=\"async\" class=\"wp-image-2816 size-medium alignright\" src=\"https:\/\/desdelapatagonia.uncoma.edu.ar\/wp-content\/uploads\/2019\/01\/TAPA-12-212x300.jpg\" alt=\"\" width=\"212\" height=\"300\" srcset=\"https:\/\/desdelapatagonia.uncoma.edu.ar\/wp-content\/uploads\/2019\/01\/TAPA-12-212x300.jpg 212w, https:\/\/desdelapatagonia.uncoma.edu.ar\/wp-content\/uploads\/2019\/01\/TAPA-12-191x270.jpg 191w, https:\/\/desdelapatagonia.uncoma.edu.ar\/wp-content\/uploads\/2019\/01\/TAPA-12.jpg 419w\" sizes=\"(max-width: 212px) 100vw, 212px\" \/><\/a><\/p>\n<p><a href=\"https:\/\/desdelapatagonia.uncoma.edu.ar\/index.php\/editorial-n-12\/\"><span style=\"color: #3366ff;\">EDITORIAL<\/span><\/a><\/p>\n<p><a href=\"https:\/\/desdelapatagonia.uncoma.edu.ar\/index.php\/el-hidrogeno-y-el-futuro-de-los-combustibles\/\"><span style=\"color: #3366ff;\">EL HIDR\u00d3GENO Y EL FUTURO DE LOS COMBUSTIBLES<\/span><\/a><br \/>\nAlberto Baruj y Gabriel Meyer<\/p>\n<p>RESE\u00d1A DE LIBRO: <a href=\"https:\/\/desdelapatagonia.uncoma.edu.ar\/index.php\/entre-aritmetica-y-algebra\/\"><span style=\"color: #3366ff;\">ENTRE ARITM\u00c9TICA Y \u00c1LGEBRA<\/span><\/a><br \/>\nRese\u00f1a realizada por Virginia Montoro<\/p>\n<p><a href=\"https:\/\/desdelapatagonia.uncoma.edu.ar\/index.php\/meteoritos-y-astroblemas-de-la-patagonia-argentina\/\"><span style=\"color: #3366ff;\">METEORITOS Y ASTROBLEMAS DE LA PATAGONIA ARGENTINA<\/span><\/a><br \/>\nRogelio D. Acevedo, Maximiliano Rocca, Juan F. Ponce, Jorge Rabassa y Hugo Corbella<\/p>\n<p><a href=\"https:\/\/desdelapatagonia.uncoma.edu.ar\/index.php\/seminario-argentino-brasilero-de-etnobiologia\/\"><span style=\"color: #3366ff;\">SEMINARIO ARGENTINO BRASILERO DE ETNOBIOLOG\u00cdA<\/span><\/a><br \/>\npor Juan Ochoa<\/p>\n<p><a href=\"https:\/\/desdelapatagonia.uncoma.edu.ar\/index.php\/memorias-de-proxima-generacion-el-poder-de-los-oxidos\/\"><span style=\"color: #3366ff;\">MEMORIAS DE PR\u00d3XIMA GENERACI\u00d3N: EL PODER DE LOS \u00d3XIDOS<\/span><\/a><br \/>\nMar\u00eda Jos\u00e9 S\u00e1nchez<\/p>\n<p><a href=\"https:\/\/desdelapatagonia.uncoma.edu.ar\/index.php\/etnobotanica-aplicada-y-pequenos-horticultores\/\"><span style=\"color: #3366ff;\">ETNOBOT\u00c1NICA APLICADA Y PEQUE\u00d1OS HORTICULTORES<\/span><\/a><br \/>\nAna H. Ladio<\/p>\n<p>RESE\u00d1A DE LIBRO: <a href=\"https:\/\/desdelapatagonia.uncoma.edu.ar\/index.php\/aprender-a-dibujar-y-a-escribir-la-perspectiva-de-los-ninos-sus-fa-milias-y-maestros\/\"><span style=\"color: #3366ff;\">APRENDER A DIBUJAR Y A ESCRIBIR<\/span><\/a><br \/>\nRese\u00f1a realizada por Marina Barbabella<\/p>\n<p>CIENCIA Y ARTE:<a href=\"https:\/\/desdelapatagonia.uncoma.edu.ar\/index.php\/ciencia-y-arte-eduardo-rapoport\/\"><span style=\"color: #3366ff;\">&nbsp;EDUARDO RAPOPORT<\/span><\/a><br \/>\npor Diego A\u00f1\u00f3n Su\u00e1rez y M\u00f3nica de Torres Curth<\/p>\n<p>DESDE LA PATAGONIA: <a href=\"https:\/\/desdelapatagonia.uncoma.edu.ar\/index.php\/el-volcan-puyehue-cordon-caulle-charla-de-gustavo-villarosa\/\"><span style=\"color: #3366ff;\">EL VOLC\u00c1N PUYEHUE-CORD\u00d3N CAULLE. CHARLA DE GUSTAVO VILLAROSA<\/span><\/a><br \/>\npor Margarita Ruda<\/p>\n<p>DESDE LA PATAGONIA: <a href=\"https:\/\/desdelapatagonia.uncoma.edu.ar\/index.php\/floracion-masiva-de-la-cana-colihue\/\"><span style=\"color: #3366ff;\">FLORACI\u00d3N MASIVA DE LA CA\u00d1A COLIHUE<\/span><\/a><br \/>\npor Cecilia I. N\u00fa\u00f1ez, Soledad Caracotche y Anah\u00ed Perez<\/p>\n<p>REPORTAJE&nbsp;<a href=\"https:\/\/desdelapatagonia.uncoma.edu.ar\/index.php\/reportaje-al-ingeniero-claudio-gaspar\/\"><span style=\"color: #3366ff;\">AL INGENIERO CLAUDIO GASPAR<\/span><\/a><br \/>\npor Diego A\u00f1\u00f3n Su\u00e1rez y Gabriela Cusminsky<\/p>\n<p>ARTE:&nbsp;<a href=\"https:\/\/desdelapatagonia.uncoma.edu.ar\/wp-content\/uploads\/2019\/01\/Revista-N12_ARTE.pdf\"><span style=\"color: #3366ff;\">DIANA ROSS <\/span><\/a><\/p>\n<hr>\n<p style=\"text-align: left;\"><a href=\"https:\/\/desdelapatagonia.uncoma.edu.ar\/wp-content\/uploads\/2019\/01\/Revista-N12_COMPLETA.pdf\"><span style=\"color: #3366ff;\">DESCARGAR REVISTA COMPLETA<\/span><\/a><\/p>\n","protected":false},"excerpt":{"rendered":"<p>Volumen 8, N\u00ba 12 | Abril de 2010 \u2013 Diciembre de 2011 Contenido EDITORIAL EL HIDR\u00d3GENO Y EL FUTURO DE LOS COMBUSTIBLES Alberto Baruj y Gabriel Meyer RESE\u00d1A DE LIBRO: ENTRE ARITM\u00c9TICA Y \u00c1LGEBRA Rese\u00f1a realizada por Virginia Montoro METEORITOS Y ASTROBLEMAS DE LA PATAGONIA ARGENTINA Rogelio D. Acevedo, Maximiliano Rocca, Juan F. Ponce, Jorge Rabassa y Hugo Corbella SEMINARIO ARGENTINO BRASILERO DE ETNOBIOLOG\u00cdA por Juan Ochoa MEMORIAS DE PR\u00d3XIMA GENERACI\u00d3N: EL PODER DE LOS \u00d3XIDOS Mar\u00eda Jos\u00e9 S\u00e1nchez ETNOBOT\u00c1NICA&#8230;<\/p>\n<p class=\"read-more\"><a class=\"btn btn-default\" href=\"https:\/\/desdelapatagonia.uncoma.edu.ar\/index.php\/archivo\/revista-no-12\/\"> Read More<span class=\"screen-reader-text\">  Read More<\/span><\/a><\/p>\n","protected":false},"author":1,"featured_media":0,"parent":20,"menu_order":12,"comment_status":"closed","ping_status":"closed","template":"","meta":{"_monsterinsights_skip_tracking":false,"_monsterinsights_sitenote_active":false,"_monsterinsights_sitenote_note":"","_monsterinsights_sitenote_category":0,"footnotes":""},"aioseo_notices":[],"_links":{"self":[{"href":"https:\/\/desdelapatagonia.uncoma.edu.ar\/index.php\/wp-json\/wp\/v2\/pages\/2813"}],"collection":[{"href":"https:\/\/desdelapatagonia.uncoma.edu.ar\/index.php\/wp-json\/wp\/v2\/pages"}],"about":[{"href":"https:\/\/desdelapatagonia.uncoma.edu.ar\/index.php\/wp-json\/wp\/v2\/types\/page"}],"author":[{"embeddable":true,"href":"https:\/\/desdelapatagonia.uncoma.edu.ar\/index.php\/wp-json\/wp\/v2\/users\/1"}],"replies":[{"embeddable":true,"href":"https:\/\/desdelapatagonia.uncoma.edu.ar\/index.php\/wp-json\/wp\/v2\/comments?post=2813"}],"version-history":[{"count":8,"href":"https:\/\/desdelapatagonia.uncoma.edu.ar\/index.php\/wp-json\/wp\/v2\/pages\/2813\/revisions"}],"predecessor-version":[{"id":4184,"href":"https:\/\/desdelapatagonia.uncoma.edu.ar\/index.php\/wp-json\/wp\/v2\/pages\/2813\/revisions\/4184"}],"up":[{"embeddable":true,"href":"https:\/\/desdelapatagonia.uncoma.edu.ar\/index.php\/wp-json\/wp\/v2\/pages\/20"}],"wp:attachment":[{"href":"https:\/\/desdelapatagonia.uncoma.edu.ar\/index.php\/wp-json\/wp\/v2\/media?parent=2813"}],"curies":[{"name":"wp","href":"https:\/\/api.w.org\/{rel}","templated":true}]}}