{"id":2760,"date":"2019-01-05T00:04:47","date_gmt":"2019-01-05T03:04:47","guid":{"rendered":"http:\/\/desdelapatagonia.uncoma.edu.ar\/?page_id=2760"},"modified":"2019-11-21T10:15:04","modified_gmt":"2019-11-21T13:15:04","slug":"revista-no-11","status":"publish","type":"page","link":"https:\/\/desdelapatagonia.uncoma.edu.ar\/index.php\/archivo\/revista-no-11\/","title":{"rendered":"Revista N\u00b0 11"},"content":{"rendered":"<h3 style=\"text-align: center;\">Volumen 8, N\u00ba11 | Agosto de 2010 \u2013 Marzo de 2011<\/h3>\n<hr>\n<h1 style=\"text-align: center;\">Contenido<\/h1>\n<hr>\n<p><a href=\"https:\/\/desdelapatagonia.uncoma.edu.ar\/wp-content\/uploads\/2019\/01\/Revista-N11_COMPLETA.pdf\"><img loading=\"lazy\" decoding=\"async\" class=\"wp-image-2761 size-medium alignright\" src=\"https:\/\/desdelapatagonia.uncoma.edu.ar\/wp-content\/uploads\/2019\/01\/TAPA-11-212x300.jpg\" alt=\"\" width=\"212\" height=\"300\" srcset=\"https:\/\/desdelapatagonia.uncoma.edu.ar\/wp-content\/uploads\/2019\/01\/TAPA-11-212x300.jpg 212w, https:\/\/desdelapatagonia.uncoma.edu.ar\/wp-content\/uploads\/2019\/01\/TAPA-11-768x1086.jpg 768w, https:\/\/desdelapatagonia.uncoma.edu.ar\/wp-content\/uploads\/2019\/01\/TAPA-11-724x1024.jpg 724w, https:\/\/desdelapatagonia.uncoma.edu.ar\/wp-content\/uploads\/2019\/01\/TAPA-11-191x270.jpg 191w\" sizes=\"(max-width: 212px) 100vw, 212px\" \/><\/a><\/p>\n<p><a href=\"https:\/\/desdelapatagonia.uncoma.edu.ar\/index.php\/editorial-n-11\/\"><span style=\"color: #3366ff;\">EDITORIAL<\/span><\/a><\/p>\n<p><a href=\"https:\/\/desdelapatagonia.uncoma.edu.ar\/index.php\/algo-mas-que-ollas-la-ceramica-de-cazadores-recolectores-norpatagonicos\/\"><span style=\"color: #3366ff;\">ALGO M\u00c1S QUE OLLAS. LA CER\u00c1MICA DE CAZADORES-RECOLECTORES NORPATAG\u00d3NICOS<\/span><\/a><br \/>\nVer\u00f3nica Aldazabal<\/p>\n<p>RESE\u00d1A DE LIBRO: <a href=\"https:\/\/desdelapatagonia.uncoma.edu.ar\/index.php\/viaje-a-las-estrellas-de-como-y-con-que-los-hombres-midieron-el-universo\/\"><span style=\"color: #3366ff;\">VIAJE A LAS ESTRELLAS<\/span><\/a><br \/>\nRese\u00f1a realizada por M\u00f3nica de Torres Curth<\/p>\n<p><a href=\"https:\/\/desdelapatagonia.uncoma.edu.ar\/index.php\/el-carpintero-gigante-especie-clave-del-bosque-andino-patagonico\/\"><span style=\"color: #3366ff;\">EL CARPINTERO GIGANTE: ESPECIE CLAVE DEL BOSQUE ANDINO PATAG\u00d3NICO<\/span><\/a><br \/>\nValeria S. Ojeda, Ma. Laura Chazarreta y Carla M. Pozzi<\/p>\n<p><a href=\"https:\/\/desdelapatagonia.uncoma.edu.ar\/index.php\/nervadura-que-ve-un-fisico-cuando-mira-una-hoja\/\"><span style=\"color: #3366ff;\">NERVADURA: \u00bfQU\u00c9 VE UN F\u00cdSICO CUANDO MIRA UNA HOJA?<\/span><\/a><br \/>\nFabiana Laguna<\/p>\n<p><a href=\"https:\/\/desdelapatagonia.uncoma.edu.ar\/index.php\/2019\/01\/05\/la-historia-que-cuentan-las-almejas\/\"><span style=\"color: #3366ff;\">LA HISTORIA QUE CUENTAN LAS ALMEJAS<\/span><\/a><br \/>\nAnal\u00eda L. Soldati<\/p>\n<p>DESDE LA PATAGONIA: <a href=\"https:\/\/desdelapatagonia.uncoma.edu.ar\/index.php\/acercando-la-ciencia-a-los-jovenes-una-iniciativa-del-instituto-balseiro-en-el-nivel-medio\/\"><span style=\"color: #3366ff;\">ACERCANDO LA CIENCIA A LOS J\u00d3VENES: UNA INICIATIVA DEL INSTITUTO BALSEIRO EN EL NIVEL MEDIO<\/span><\/a><br \/>\npor Margarita Ruda<\/p>\n<p>RESE\u00d1A DE LIBRO: <a href=\"https:\/\/desdelapatagonia.uncoma.edu.ar\/index.php\/hotel-los-andes\/\"><span style=\"color: #3366ff;\">HOTEL LOS ANDES<\/span><\/a><br \/>\nRese\u00f1a realizada por Liliana Lolich<\/p>\n<p>DESDE LA PATAGONIA: <a href=\"https:\/\/desdelapatagonia.uncoma.edu.ar\/index.php\/expedicion-al-everest\/\"><span style=\"color: #3366ff;\">EXPEDICI\u00d3N AL EVEREST<\/span><\/a><br \/>\npor Carlos J. Galosi<\/p>\n<p><a href=\"https:\/\/desdelapatagonia.uncoma.edu.ar\/index.php\/ecos-revolucionarios-en-la-patagonia\/\"><span style=\"color: #3366ff;\">ECOS REVOLUCIONARIOS EN LA PATAGONIA<\/span><\/a><br \/>\nPamela B. Desutter y Silvana P. Pastene<\/p>\n<p>REPORTAJE&nbsp;<a href=\"https:\/\/desdelapatagonia.uncoma.edu.ar\/index.php\/attilio-carraro-educador\/\"><span style=\"color: #3366ff;\">AL EDUCADOR ATTILIO CARRARO<\/span><\/a><br \/>\npor Marcelo Alonso y Fabi\u00e1n Martins<\/p>\n<p>ARTE:&nbsp;<a href=\"https:\/\/desdelapatagonia.uncoma.edu.ar\/wp-content\/uploads\/2019\/01\/Revista-N11_ARTE.pdf\"><span style=\"color: #3366ff;\">LUISA PELUFFO<\/span><\/a><\/p>\n<hr>\n<p><a href=\"https:\/\/desdelapatagonia.uncoma.edu.ar\/wp-content\/uploads\/2019\/01\/Revista-N11_COMPLETA.pdf\"><span style=\"color: #3366ff;\">DESCARGAR REVISTA COMPLETA<\/span><\/a><\/p>\n","protected":false},"excerpt":{"rendered":"<p>Volumen 8, N\u00ba11 | Agosto de 2010 \u2013 Marzo de 2011 Contenido EDITORIAL ALGO M\u00c1S QUE OLLAS. LA CER\u00c1MICA DE CAZADORES-RECOLECTORES NORPATAG\u00d3NICOS Ver\u00f3nica Aldazabal RESE\u00d1A DE LIBRO: VIAJE A LAS ESTRELLAS Rese\u00f1a realizada por M\u00f3nica de Torres Curth EL CARPINTERO GIGANTE: ESPECIE CLAVE DEL BOSQUE ANDINO PATAG\u00d3NICO Valeria S. Ojeda, Ma. Laura Chazarreta y Carla M. Pozzi NERVADURA: \u00bfQU\u00c9 VE UN F\u00cdSICO CUANDO MIRA UNA HOJA? Fabiana Laguna LA HISTORIA QUE CUENTAN LAS ALMEJAS Anal\u00eda L. Soldati DESDE LA PATAGONIA:&#8230;<\/p>\n<p class=\"read-more\"><a class=\"btn btn-default\" href=\"https:\/\/desdelapatagonia.uncoma.edu.ar\/index.php\/archivo\/revista-no-11\/\"> Read More<span class=\"screen-reader-text\">  Read More<\/span><\/a><\/p>\n","protected":false},"author":1,"featured_media":0,"parent":20,"menu_order":11,"comment_status":"closed","ping_status":"closed","template":"","meta":{"_monsterinsights_skip_tracking":false,"_monsterinsights_sitenote_active":false,"_monsterinsights_sitenote_note":"","_monsterinsights_sitenote_category":0,"footnotes":""},"aioseo_notices":[],"_links":{"self":[{"href":"https:\/\/desdelapatagonia.uncoma.edu.ar\/index.php\/wp-json\/wp\/v2\/pages\/2760"}],"collection":[{"href":"https:\/\/desdelapatagonia.uncoma.edu.ar\/index.php\/wp-json\/wp\/v2\/pages"}],"about":[{"href":"https:\/\/desdelapatagonia.uncoma.edu.ar\/index.php\/wp-json\/wp\/v2\/types\/page"}],"author":[{"embeddable":true,"href":"https:\/\/desdelapatagonia.uncoma.edu.ar\/index.php\/wp-json\/wp\/v2\/users\/1"}],"replies":[{"embeddable":true,"href":"https:\/\/desdelapatagonia.uncoma.edu.ar\/index.php\/wp-json\/wp\/v2\/comments?post=2760"}],"version-history":[{"count":8,"href":"https:\/\/desdelapatagonia.uncoma.edu.ar\/index.php\/wp-json\/wp\/v2\/pages\/2760\/revisions"}],"predecessor-version":[{"id":4185,"href":"https:\/\/desdelapatagonia.uncoma.edu.ar\/index.php\/wp-json\/wp\/v2\/pages\/2760\/revisions\/4185"}],"up":[{"embeddable":true,"href":"https:\/\/desdelapatagonia.uncoma.edu.ar\/index.php\/wp-json\/wp\/v2\/pages\/20"}],"wp:attachment":[{"href":"https:\/\/desdelapatagonia.uncoma.edu.ar\/index.php\/wp-json\/wp\/v2\/media?parent=2760"}],"curies":[{"name":"wp","href":"https:\/\/api.w.org\/{rel}","templated":true}]}}