{"id":2432,"date":"2019-01-02T20:26:20","date_gmt":"2019-01-02T23:26:20","guid":{"rendered":"http:\/\/desdelapatagonia.uncoma.edu.ar\/?page_id=2432"},"modified":"2019-11-21T10:16:28","modified_gmt":"2019-11-21T13:16:28","slug":"revista-no-8","status":"publish","type":"page","link":"https:\/\/desdelapatagonia.uncoma.edu.ar\/index.php\/archivo\/revista-no-8\/","title":{"rendered":"Revista N\u00ba 8"},"content":{"rendered":"<h3 style=\"text-align: center;\">Volumen 6, N\u00ba 8 | Noviembre de 2008 \u2013 Mayo de 2009<\/h3>\n<hr>\n<h1 style=\"text-align: center;\">Contenido<\/h1>\n<hr>\n<p><a href=\"https:\/\/desdelapatagonia.uncoma.edu.ar\/wp-content\/uploads\/2019\/01\/Revista-N8_COMPLETA.pdf\"><img loading=\"lazy\" decoding=\"async\" class=\"wp-image-2433 size-medium alignright\" src=\"https:\/\/desdelapatagonia.uncoma.edu.ar\/wp-content\/uploads\/2019\/01\/TAPA-8-212x300.jpg\" alt=\"\" width=\"212\" height=\"300\" srcset=\"https:\/\/desdelapatagonia.uncoma.edu.ar\/wp-content\/uploads\/2019\/01\/TAPA-8-212x300.jpg 212w, https:\/\/desdelapatagonia.uncoma.edu.ar\/wp-content\/uploads\/2019\/01\/TAPA-8-768x1089.jpg 768w, https:\/\/desdelapatagonia.uncoma.edu.ar\/wp-content\/uploads\/2019\/01\/TAPA-8-722x1024.jpg 722w, https:\/\/desdelapatagonia.uncoma.edu.ar\/wp-content\/uploads\/2019\/01\/TAPA-8-190x270.jpg 190w\" sizes=\"(max-width: 212px) 100vw, 212px\" \/><\/a><\/p>\n<p><a href=\"https:\/\/desdelapatagonia.uncoma.edu.ar\/index.php\/editorial-n-8\/\"><span style=\"color: #3366ff;\">EDITORIAL<\/span><\/a><\/p>\n<p><a href=\"https:\/\/desdelapatagonia.uncoma.edu.ar\/index.php\/restos-arqueologicos-y-derechos-humanos\/\"><span style=\"color: #3366ff;\">RESTOS ARQUEOL\u00d3GICOS Y DERECHOS HUMANOS<\/span><\/a><br \/>\nVer\u00f3nica Aldaz\u00e1bal<\/p>\n<p><a href=\"https:\/\/desdelapatagonia.uncoma.edu.ar\/index.php\/dinosaurios-viajeros\/\"><span style=\"color: #3366ff;\">DINOSAURIOS VIAJEROS<\/span><\/a><br \/>\nJorge O. Calvo<\/p>\n<p><a href=\"https:\/\/desdelapatagonia.uncoma.edu.ar\/index.php\/la-rana-de-cuatro-ojos-en-la-laguna-fantasma-de-bariloche\/\"><span style=\"color: #3366ff;\">LA RANA DE CUATRO OJOS EN LA LAGUNA FANTASMA DE BARILOCHE<\/span><\/a><br \/>\nFabi\u00e1n G. Jara y Mar\u00eda G. Perotti<\/p>\n<p><a href=\"https:\/\/desdelapatagonia.uncoma.edu.ar\/index.php\/el-pato-del-torrente-conocerlo-para-protegerlo\/\"><span style=\"color: #3366ff;\">EL PATO DEL TORRENTE: CONOCERLO PARA PROTEGERLO<\/span><\/a><br \/>\nGerardo Cer\u00f3n y Ana Trejo<\/p>\n<p><a href=\"https:\/\/desdelapatagonia.uncoma.edu.ar\/index.php\/municipios-no-eutanasicos-perros-y-zoonosis\/\"><span style=\"color: #3366ff;\">MUNICIPIOS NO EUTAN\u00c1SICOS: PERROS Y ZOONOSIS<\/span><\/a><br \/>\nH\u00e9ctor Bergagna<\/p>\n<p>RESE\u00d1A DE LIBRO: <a href=\"https:\/\/desdelapatagonia.uncoma.edu.ar\/index.php\/entre-libros-y-suenos-historia-de-la-biblioteca-popular-sarmiento-de-bariloche-1928-2008\/\"><span style=\"color: #3366ff;\">ENTRE LIBROS Y SUE\u00d1OS<\/span><\/a><br \/>\nRese\u00f1a realizada por Mar\u00eda Graciela Antognazza<\/p>\n<p>DESDE LA PATAGONIA: <span style=\"color: #3366ff;\"><a href=\"https:\/\/desdelapatagonia.uncoma.edu.ar\/index.php\/desde-la-patagonia-primeros-pasos-en-la-ciencia-descifrando-los-poderes-curativos-de-los-liquenes\/\">PRIMEROS PASOS EN LA CIENCIA: DESCIFRANDO LOS PODERES CURATIVOS DE LOS L\u00cdQUENES<\/a> <\/span><br \/>\npor Ana Pedrazzini<\/p>\n<p>DESDE LA PATAGONIA: <a href=\"https:\/\/desdelapatagonia.uncoma.edu.ar\/index.php\/los-liquenes-y-sus-propiedades-farmacologicas\/\"><span style=\"color: #3366ff;\">LOS L\u00cdQUENES Y SUS PROPIEDADES FARMACOL\u00d3GICAS<\/span><\/a><br \/>\npor Mar\u00eda In\u00e9s Messuti<\/p>\n<p>ENSAYO: <a href=\"https:\/\/desdelapatagonia.uncoma.edu.ar\/index.php\/el-rayo-verde\/\"><span style=\"color: #3366ff;\">EL RAYO VERDE<\/span><\/a><br \/>\nV\u00edctor Hugo Ponce<\/p>\n<p>RESE\u00d1A DE LIBRO: <a href=\"https:\/\/desdelapatagonia.uncoma.edu.ar\/index.php\/flora-patagonia-bosques-australes-guia-para-la-identificacion-de-plantas-y-sus-habitats\/\"><span style=\"color: #3366ff;\">FLORA PATAGONIA<\/span><\/a><br \/>\nRese\u00f1a realizada por Adriana E. Rovere<\/p>\n<p><a href=\"https:\/\/desdelapatagonia.uncoma.edu.ar\/index.php\/especies-exoticas-invasoras-en-la-patagonia-el-conejo-europeo\/\"><span style=\"color: #3366ff;\">ESPECIES EX\u00d3TICAS INVASORAS EN LA PATAGONIA: EL CONEJO EUROPEO <\/span><\/a><br \/>\nNever Antonio Bonino<\/p>\n<p><a href=\"https:\/\/desdelapatagonia.uncoma.edu.ar\/index.php\/patagonia-estancias-y-arquitectura\/\"><span style=\"color: #3366ff;\">PATAGONIA, ESTANCIAS Y ARQUITECTURA <\/span><\/a><br \/>\nLiliana Lolich<\/p>\n<p>REPORTAJE: <a href=\"https:\/\/desdelapatagonia.uncoma.edu.ar\/index.php\/reportaje-a-juan-ignacio-pozo-nuevas-formas-de-ensenar-y-aprender\/\"><span style=\"color: #3366ff;\">A JUAN IGNACIO POZO<\/span><\/a><br \/>\npor Marcelo Alonso<\/p>\n<p><a href=\"https:\/\/desdelapatagonia.uncoma.edu.ar\/index.php\/novedades-sobre-las-listas-rojas\/\"><span style=\"color: #3366ff;\">NOVEDADES SOBRE LAS LISTAS ROJAS<\/span><\/a><br \/>\nDora Grigera<\/p>\n<p>ARTE: <a href=\"https:\/\/desdelapatagonia.uncoma.edu.ar\/wp-content\/uploads\/2019\/01\/Revista-N8_ARTE.pdf\"><span style=\"color: #3366ff;\">COFRAD\u00cdA<\/span><\/a><\/p>\n<hr>\n<p style=\"text-align: left;\"><a href=\"https:\/\/desdelapatagonia.uncoma.edu.ar\/wp-content\/uploads\/2019\/01\/Revista-N8_COMPLETA.pdf\"><span style=\"color: #3366ff;\">DESCARGAR REVISTA COMPLETA<\/span><\/a><\/p>\n","protected":false},"excerpt":{"rendered":"<p>Volumen 6, N\u00ba 8 | Noviembre de 2008 \u2013 Mayo de 2009 Contenido EDITORIAL RESTOS ARQUEOL\u00d3GICOS Y DERECHOS HUMANOS Ver\u00f3nica Aldaz\u00e1bal DINOSAURIOS VIAJEROS Jorge O. Calvo LA RANA DE CUATRO OJOS EN LA LAGUNA FANTASMA DE BARILOCHE Fabi\u00e1n G. Jara y Mar\u00eda G. Perotti EL PATO DEL TORRENTE: CONOCERLO PARA PROTEGERLO Gerardo Cer\u00f3n y Ana Trejo MUNICIPIOS NO EUTAN\u00c1SICOS: PERROS Y ZOONOSIS H\u00e9ctor Bergagna RESE\u00d1A DE LIBRO: ENTRE LIBROS Y SUE\u00d1OS Rese\u00f1a realizada por Mar\u00eda Graciela Antognazza DESDE LA PATAGONIA:&#8230;<\/p>\n<p class=\"read-more\"><a class=\"btn btn-default\" href=\"https:\/\/desdelapatagonia.uncoma.edu.ar\/index.php\/archivo\/revista-no-8\/\"> Read More<span class=\"screen-reader-text\">  Read More<\/span><\/a><\/p>\n","protected":false},"author":1,"featured_media":0,"parent":20,"menu_order":8,"comment_status":"closed","ping_status":"closed","template":"","meta":{"_monsterinsights_skip_tracking":false,"_monsterinsights_sitenote_active":false,"_monsterinsights_sitenote_note":"","_monsterinsights_sitenote_category":0,"footnotes":""},"aioseo_notices":[],"_links":{"self":[{"href":"https:\/\/desdelapatagonia.uncoma.edu.ar\/index.php\/wp-json\/wp\/v2\/pages\/2432"}],"collection":[{"href":"https:\/\/desdelapatagonia.uncoma.edu.ar\/index.php\/wp-json\/wp\/v2\/pages"}],"about":[{"href":"https:\/\/desdelapatagonia.uncoma.edu.ar\/index.php\/wp-json\/wp\/v2\/types\/page"}],"author":[{"embeddable":true,"href":"https:\/\/desdelapatagonia.uncoma.edu.ar\/index.php\/wp-json\/wp\/v2\/users\/1"}],"replies":[{"embeddable":true,"href":"https:\/\/desdelapatagonia.uncoma.edu.ar\/index.php\/wp-json\/wp\/v2\/comments?post=2432"}],"version-history":[{"count":8,"href":"https:\/\/desdelapatagonia.uncoma.edu.ar\/index.php\/wp-json\/wp\/v2\/pages\/2432\/revisions"}],"predecessor-version":[{"id":4188,"href":"https:\/\/desdelapatagonia.uncoma.edu.ar\/index.php\/wp-json\/wp\/v2\/pages\/2432\/revisions\/4188"}],"up":[{"embeddable":true,"href":"https:\/\/desdelapatagonia.uncoma.edu.ar\/index.php\/wp-json\/wp\/v2\/pages\/20"}],"wp:attachment":[{"href":"https:\/\/desdelapatagonia.uncoma.edu.ar\/index.php\/wp-json\/wp\/v2\/media?parent=2432"}],"curies":[{"name":"wp","href":"https:\/\/api.w.org\/{rel}","templated":true}]}}