{"id":2026,"date":"2018-12-31T21:05:04","date_gmt":"2018-12-31T21:05:04","guid":{"rendered":"http:\/\/desdelapatagonia.uncoma.edu.ar\/?page_id=2026"},"modified":"2019-11-21T10:18:09","modified_gmt":"2019-11-21T13:18:09","slug":"revista-no-3","status":"publish","type":"page","link":"https:\/\/desdelapatagonia.uncoma.edu.ar\/index.php\/archivo\/revista-no-3\/","title":{"rendered":"Revista N\u00b0 3"},"content":{"rendered":"<h3 style=\"text-align: center;\">Volumen 2, N\u00ba 3 | Julio &#8211; Diciembre de 2005<\/h3>\n<hr>\n<h1 style=\"text-align: center;\">Contenido<\/h1>\n<hr>\n<p><a href=\"https:\/\/desdelapatagonia.uncoma.edu.ar\/wp-content\/uploads\/2018\/12\/Revista-N3_COMPLETA.pdf\"><img loading=\"lazy\" decoding=\"async\" class=\"wp-image-2027 size-medium alignright\" src=\"https:\/\/desdelapatagonia.uncoma.edu.ar\/wp-content\/uploads\/2018\/12\/TAPA-N\u00b0-3-212x300.jpg\" alt=\"\" width=\"212\" height=\"300\" srcset=\"https:\/\/desdelapatagonia.uncoma.edu.ar\/wp-content\/uploads\/2018\/12\/TAPA-N\u00b0-3-212x300.jpg 212w, https:\/\/desdelapatagonia.uncoma.edu.ar\/wp-content\/uploads\/2018\/12\/TAPA-N\u00b0-3-768x1089.jpg 768w, https:\/\/desdelapatagonia.uncoma.edu.ar\/wp-content\/uploads\/2018\/12\/TAPA-N\u00b0-3-722x1024.jpg 722w, https:\/\/desdelapatagonia.uncoma.edu.ar\/wp-content\/uploads\/2018\/12\/TAPA-N\u00b0-3-190x270.jpg 190w, https:\/\/desdelapatagonia.uncoma.edu.ar\/wp-content\/uploads\/2018\/12\/TAPA-N\u00b0-3.jpg 1652w\" sizes=\"(max-width: 212px) 100vw, 212px\" \/><\/a><\/p>\n<p><a href=\"https:\/\/desdelapatagonia.uncoma.edu.ar\/index.php\/editorial-n-3\/\"><span style=\"color: #3366ff;\">EDITORIAL<\/span><\/a><\/p>\n<p><a href=\"https:\/\/desdelapatagonia.uncoma.edu.ar\/index.php\/plantas-parasitas-que-aprietan-pero-no-ahorcan\/\"><span style=\"color: #3366ff;\">PLANTAS PAR\u00c1SITAS QUE APRIETAN PERO NO AHORCAN<\/span><\/a><br>Norlan Tercero-Bucardo y Thomas Kitzberger<\/p>\n<p><a href=\"https:\/\/desdelapatagonia.uncoma.edu.ar\/index.php\/posibles-causas-del-fracaso-de-los-estudiantes-universitarios\/\"><span style=\"color: #3366ff;\">POSIBLES CAUSAS DEL FRACASO DE LOS ESTUDIANTES UNIVERSITARIOS <\/span><\/a><br>Silvia Elena Collazo, Hugo Luis Corso y Julio Andrade Gamboa<\/p>\n<p><a href=\"https:\/\/desdelapatagonia.uncoma.edu.ar\/index.php\/las-aves-rapaces-y-el-hantavirus-un-eficaz-control-biologico\/\"><span style=\"color: #3366ff;\">LAS AVES RAPACES Y EL HANTAVIRUS: \u00bfUN EFICAZ CONTROL BIOL\u00d3GICO? <\/span><\/a><br>Ana Trejo<\/p>\n<p><a href=\"https:\/\/desdelapatagonia.uncoma.edu.ar\/index.php\/la-almeja-de-agua-dulce-su-importancia-ecologica\/\"><span style=\"color: #3366ff;\">LA ALMEJA DE AGUA DULCE: SU IMPORTANCIA ECOL\u00d3GICA <\/span><\/a><br>Norma Brugni y Gustavo Viozzi<\/p>\n<p><a href=\"https:\/\/desdelapatagonia.uncoma.edu.ar\/index.php\/como-se-lo-digo\/\"><span style=\"color: #3366ff;\">\u00bfC\u00d3MO SE LO DIGO?<\/span><\/a><br>Ann Montemayor-Borsinger<\/p>\n<p><a href=\"https:\/\/desdelapatagonia.uncoma.edu.ar\/index.php\/jovenes-muy-jovenes-paleontologos\/\"><span style=\"color: #3366ff;\">J\u00d3VENES, MUY J\u00d3VENES PALEONT\u00d3LOGOS <\/span><\/a><br>Fernando Miranda y Maria Laura Cid<\/p>\n<p><a href=\"https:\/\/desdelapatagonia.uncoma.edu.ar\/index.php\/el-hongo-de-las-caricaturas-amanita-muscaria-en-la-patagonia\/\"><span style=\"color: #3366ff;\">EL HONGO DE LAS CARICATURAS (AMANITA MUSCARIA) EN LA PATAGONIA <\/span><\/a><br>Laura E. Lorenzo<\/p>\n<p>RESE\u00d1A DE LIBRO: <a href=\"https:\/\/desdelapatagonia.uncoma.edu.ar\/index.php\/pasaporte-a-la-quimica-universitaria-una-articulacion-con-la-ensenanza-media\/\"><span style=\"color: #3366ff;\">PASAPORTE A LA QU\u00cdMICA UNIVERSITARIA<\/span><\/a><br>Rese\u00f1a realizada por Arnaldo Visintin<\/p>\n<p>REPORTAJE&nbsp;<a href=\"https:\/\/desdelapatagonia.uncoma.edu.ar\/index.php\/inestabilidad-de-suelos-reportaje-a-jorge-rabassa\/\"><span style=\"color: #3366ff;\">A JORGE RABASSA<\/span><\/a><br>por Gabriela Cusminsky<\/p>\n<p>ARTE:&nbsp;<a href=\"https:\/\/desdelapatagonia.uncoma.edu.ar\/wp-content\/uploads\/2018\/12\/Revista-N3_ARTE.pdf\"><span style=\"color: #3366ff;\">NADIA GUTHMANN<\/span><\/a><\/p>\n<hr>\n<p style=\"text-align: left;\"><a href=\"https:\/\/desdelapatagonia.uncoma.edu.ar\/wp-content\/uploads\/2018\/12\/Revista-N3_COMPLETA.pdf\"><span style=\"color: #3366ff;\">DESCARGAR REVISTA COMPLETA<\/span><\/a><\/p>\n\n\n<p><\/p>\n\r\n","protected":false},"excerpt":{"rendered":"<p>Volumen 2, N\u00ba 3 | Julio &#8211; Diciembre de 2005 Contenido EDITORIAL PLANTAS PAR\u00c1SITAS QUE APRIETAN PERO NO AHORCANNorlan Tercero-Bucardo y Thomas Kitzberger POSIBLES CAUSAS DEL FRACASO DE LOS ESTUDIANTES UNIVERSITARIOS Silvia Elena Collazo, Hugo Luis Corso y Julio Andrade Gamboa LAS AVES RAPACES Y EL HANTAVIRUS: \u00bfUN EFICAZ CONTROL BIOL\u00d3GICO? Ana Trejo LA ALMEJA DE AGUA DULCE: SU IMPORTANCIA ECOL\u00d3GICA Norma Brugni y Gustavo Viozzi \u00bfC\u00d3MO SE LO DIGO?Ann Montemayor-Borsinger J\u00d3VENES, MUY J\u00d3VENES PALEONT\u00d3LOGOS Fernando Miranda y Maria Laura&#8230;<\/p>\n<p class=\"read-more\"><a class=\"btn btn-default\" href=\"https:\/\/desdelapatagonia.uncoma.edu.ar\/index.php\/archivo\/revista-no-3\/\"> Read More<span class=\"screen-reader-text\">  Read More<\/span><\/a><\/p>\n","protected":false},"author":1,"featured_media":0,"parent":20,"menu_order":3,"comment_status":"closed","ping_status":"closed","template":"","meta":{"_monsterinsights_skip_tracking":false,"_monsterinsights_sitenote_active":false,"_monsterinsights_sitenote_note":"","_monsterinsights_sitenote_category":0,"footnotes":""},"aioseo_notices":[],"_links":{"self":[{"href":"https:\/\/desdelapatagonia.uncoma.edu.ar\/index.php\/wp-json\/wp\/v2\/pages\/2026"}],"collection":[{"href":"https:\/\/desdelapatagonia.uncoma.edu.ar\/index.php\/wp-json\/wp\/v2\/pages"}],"about":[{"href":"https:\/\/desdelapatagonia.uncoma.edu.ar\/index.php\/wp-json\/wp\/v2\/types\/page"}],"author":[{"embeddable":true,"href":"https:\/\/desdelapatagonia.uncoma.edu.ar\/index.php\/wp-json\/wp\/v2\/users\/1"}],"replies":[{"embeddable":true,"href":"https:\/\/desdelapatagonia.uncoma.edu.ar\/index.php\/wp-json\/wp\/v2\/comments?post=2026"}],"version-history":[{"count":10,"href":"https:\/\/desdelapatagonia.uncoma.edu.ar\/index.php\/wp-json\/wp\/v2\/pages\/2026\/revisions"}],"predecessor-version":[{"id":4193,"href":"https:\/\/desdelapatagonia.uncoma.edu.ar\/index.php\/wp-json\/wp\/v2\/pages\/2026\/revisions\/4193"}],"up":[{"embeddable":true,"href":"https:\/\/desdelapatagonia.uncoma.edu.ar\/index.php\/wp-json\/wp\/v2\/pages\/20"}],"wp:attachment":[{"href":"https:\/\/desdelapatagonia.uncoma.edu.ar\/index.php\/wp-json\/wp\/v2\/media?parent=2026"}],"curies":[{"name":"wp","href":"https:\/\/api.w.org\/{rel}","templated":true}]}}