{"id":1296,"date":"2018-12-19T23:32:15","date_gmt":"2018-12-19T23:32:15","guid":{"rendered":"http:\/\/desdelapatagonia.uncoma.edu.ar\/?page_id=1296"},"modified":"2019-12-29T19:45:27","modified_gmt":"2019-12-29T22:45:27","slug":"revista-no-26","status":"publish","type":"page","link":"https:\/\/desdelapatagonia.uncoma.edu.ar\/index.php\/archivo\/revista-no-26\/","title":{"rendered":"Revista N\u00ba 26"},"content":{"rendered":"<h3 style=\"text-align: center;\">Volumen 15, N\u00ba 26 | Julio &#8211;\u00a0Diciembre\u00a0de\u00a02018<\/h3>\n<hr \/>\n<h1 style=\"text-align: center;\">Contenido<\/h1>\n<hr \/>\n<p><a href=\"https:\/\/desdelapatagonia.uncoma.edu.ar\/wp-content\/uploads\/2019\/12\/Revista-26-COMPLETA.pdf\"><img loading=\"lazy\" decoding=\"async\" class=\"wp-image-1304 size-medium alignright\" src=\"https:\/\/desdelapatagonia.uncoma.edu.ar\/wp-content\/uploads\/2018\/12\/Tapa-N\u00ba-26-01-3-212x300.jpg\" alt=\"\" width=\"212\" height=\"300\" srcset=\"https:\/\/desdelapatagonia.uncoma.edu.ar\/wp-content\/uploads\/2018\/12\/Tapa-N\u00ba-26-01-3-212x300.jpg 212w, https:\/\/desdelapatagonia.uncoma.edu.ar\/wp-content\/uploads\/2018\/12\/Tapa-N\u00ba-26-01-3-768x1085.jpg 768w, https:\/\/desdelapatagonia.uncoma.edu.ar\/wp-content\/uploads\/2018\/12\/Tapa-N\u00ba-26-01-3-725x1024.jpg 725w, https:\/\/desdelapatagonia.uncoma.edu.ar\/wp-content\/uploads\/2018\/12\/Tapa-N\u00ba-26-01-3-191x270.jpg 191w\" sizes=\"(max-width: 212px) 100vw, 212px\" \/><\/a><\/p>\n<p><a href=\"https:\/\/desdelapatagonia.uncoma.edu.ar\/index.php\/editorial-n-26\/\"><span style=\"color: #3366ff;\">EDITORIAL<\/span><\/a><\/p>\n<p><a href=\"https:\/\/desdelapatagonia.uncoma.edu.ar\/index.php\/la-educacion-como-derecho\/\"><span style=\"color: #3366ff;\">LA EDUCACI\u00d3N COMO DERECHO<\/span><\/a><br \/>Coordinado por Cecilia Four\u00e9s, Mar\u00eda Sol Iparraguirre y Nora Scheuer<\/p>\n<p style=\"text-align: left;\"><a href=\"https:\/\/desdelapatagonia.uncoma.edu.ar\/index.php\/por-que-los-alumnos-no-quieren-aprender-lo-que-les-queremos-ensenar\/\"><span style=\"color: #3366ff;\">\u00bfPOR QU\u00c9 LOS ALUMNOS NO QUIEREN APRENDER LO QUE LES QUEREMOS ENSE\u00d1AR?<\/span><\/a><br \/>Juan Ignacio Pozo<\/p>\n<p style=\"text-align: left;\"><a href=\"https:\/\/desdelapatagonia.uncoma.edu.ar\/index.php\/los-saberes-docentes-y-la-produccion-de-conocimiento-sobre-la-ensenanza\/\"><span style=\"color: #3366ff;\">LOS SABERES DOCENTES Y LA PRODUCCI\u00d3N DE CONOCIMIENTO SOBRE LA ENSE\u00d1ANZA<\/span><\/a><br \/>Jos\u00e9 Antonio Castorina y Patricia Sadovsky<\/p>\n<p>RESE\u00d1A DE LIBRO: <a href=\"https:\/\/desdelapatagonia.uncoma.edu.ar\/index.php\/investigacion-y-politica-educativa-en-la-argentina-post-2000\/\"><span style=\"color: #3366ff;\">INVESTIGACI\u00d3N Y POL\u00cdTICA EDUCATIVA EN LA ARGENTINA POST-2000<\/span><\/a><br \/>Rese\u00f1a realizada por Ana Atorresi<\/p>\n<p><a href=\"https:\/\/desdelapatagonia.uncoma.edu.ar\/index.php\/aprender-entre-lenguas\/\"><span style=\"color: #3366ff;\">APRENDER ENTRE LENGUAS<\/span><\/a><br \/>Virginia Unamuno<\/p>\n<p>RESE\u00d1A DE LIBRO: <a href=\"https:\/\/desdelapatagonia.uncoma.edu.ar\/index.php\/coleccion-hunhat-lheley-habitantes-de-la-tierra\/\"><span style=\"color: #3366ff;\">COLECCI\u00d3N HUNHAT LHELEY (HABITANTES DE LA TIERRA)<\/span><\/a><br \/>Rese\u00f1a realizada por\u00a0Eva Tebual<\/p>\n<p>DESDE LA PATAGONIA:\u00a0<a href=\"https:\/\/desdelapatagonia.uncoma.edu.ar\/index.php\/de-los-andes-al-mar-por-ruta-23\/\"><span style=\"color: #3366ff;\">DE LOS ANDES AL MAR, POR RUTA 23<\/span><\/a><br \/>por Diana Ross<\/p>\n<p>DESDE LA PATAGONIA: <a href=\"https:\/\/desdelapatagonia.uncoma.edu.ar\/index.php\/una-experiencia-educativa-diferente-que-ya-lleva-30-anos\/\"><span style=\"color: #3366ff;\">UNA EXPERIENCIA EDUCATIVA DIFERENTE QUE YA LLEVA 30 A\u00d1OS<\/span><\/a><br \/>por Mirta Escalante<\/p>\n<p><a href=\"https:\/\/desdelapatagonia.uncoma.edu.ar\/index.php\/reflexiones-sobre-la-neurociencia-educacional-contemporanea\/\"><span style=\"color: #3366ff;\">REFLEXIONES SOBRE LA NEUROCIENCIA EDUCACIONAL CONTEMPOR\u00c1NEA<\/span><\/a><br \/>Sebasti\u00e1n J. Lipina<\/p>\n<p><a href=\"https:\/\/desdelapatagonia.uncoma.edu.ar\/index.php\/educacion-y-mercantilizacion\/\"><span style=\"color: #3366ff;\">EDUCACI\u00d3N Y MERCANTILIZACI\u00d3N<\/span><\/a><br \/>Ramiro Tau y Silvia Parrat-Dayan<\/p>\n<p>ENSAYO: <a href=\"https:\/\/desdelapatagonia.uncoma.edu.ar\/index.php\/educacion-lucha-de-clases-y-clases-de-lucha\/\"><span style=\"color: #3366ff;\">EDUCACI\u00d3N, LUCHA DE CLASES Y CLASES DE LUCHA<\/span><\/a><br \/>Pablo Imen<\/p>\n<p>REPORTAJE A\u00a0<a href=\"https:\/\/desdelapatagonia.uncoma.edu.ar\/index.php\/myriam-feldfeber-politicas-educativas-en-la-actualidad\/\"><span style=\"color: #3366ff;\">MYRIAM FELDFEBER. POL\u00cdTICAS EDUCATIVAS EN LA ACTUALIDAD<\/span><\/a><br \/>por Cecilia Four\u00e9s, Mar\u00eda Sol Iparraguirre y Nora Scheuer<\/p>\n<p>ARTE: <a href=\"https:\/\/desdelapatagonia.uncoma.edu.ar\/wp-content\/uploads\/2018\/12\/Revista-N26_ARTE.pdf\"><span style=\"color: #3366ff;\">CONCURSO FOTOGR\u00c1FICO: 100 A\u00d1OS DE LA REFORMA UNIVERSITARIA<\/span><\/a><\/p>\n<hr \/>\n<p style=\"text-align: left;\"><a href=\"https:\/\/desdelapatagonia.uncoma.edu.ar\/wp-content\/uploads\/2019\/12\/Revista-26-COMPLETA.pdf\"><span style=\"color: #3366ff;\">DESCARGAR REVISTA COMPLETA<\/span><\/a><\/p>\n\n\n<p><\/p>\n\r\n","protected":false},"excerpt":{"rendered":"<p>Volumen 15, N\u00ba 26 | Julio &#8211;\u00a0Diciembre\u00a0de\u00a02018 Contenido EDITORIAL LA EDUCACI\u00d3N COMO DERECHOCoordinado por Cecilia Four\u00e9s, Mar\u00eda Sol Iparraguirre y Nora Scheuer \u00bfPOR QU\u00c9 LOS ALUMNOS NO QUIEREN APRENDER LO QUE LES QUEREMOS ENSE\u00d1AR?Juan Ignacio Pozo LOS SABERES DOCENTES Y LA PRODUCCI\u00d3N DE CONOCIMIENTO SOBRE LA ENSE\u00d1ANZAJos\u00e9 Antonio Castorina y Patricia Sadovsky RESE\u00d1A DE LIBRO: INVESTIGACI\u00d3N Y POL\u00cdTICA EDUCATIVA EN LA ARGENTINA POST-2000Rese\u00f1a realizada por Ana Atorresi APRENDER ENTRE LENGUASVirginia Unamuno RESE\u00d1A DE LIBRO: COLECCI\u00d3N HUNHAT LHELEY (HABITANTES DE LA&#8230;<\/p>\n<p class=\"read-more\"><a class=\"btn btn-default\" href=\"https:\/\/desdelapatagonia.uncoma.edu.ar\/index.php\/archivo\/revista-no-26\/\"> Read More<span class=\"screen-reader-text\">  Read More<\/span><\/a><\/p>\n","protected":false},"author":1,"featured_media":0,"parent":20,"menu_order":26,"comment_status":"closed","ping_status":"closed","template":"","meta":{"_monsterinsights_skip_tracking":false,"_monsterinsights_sitenote_active":false,"_monsterinsights_sitenote_note":"","_monsterinsights_sitenote_category":0,"footnotes":""},"aioseo_notices":[],"_links":{"self":[{"href":"https:\/\/desdelapatagonia.uncoma.edu.ar\/index.php\/wp-json\/wp\/v2\/pages\/1296"}],"collection":[{"href":"https:\/\/desdelapatagonia.uncoma.edu.ar\/index.php\/wp-json\/wp\/v2\/pages"}],"about":[{"href":"https:\/\/desdelapatagonia.uncoma.edu.ar\/index.php\/wp-json\/wp\/v2\/types\/page"}],"author":[{"embeddable":true,"href":"https:\/\/desdelapatagonia.uncoma.edu.ar\/index.php\/wp-json\/wp\/v2\/users\/1"}],"replies":[{"embeddable":true,"href":"https:\/\/desdelapatagonia.uncoma.edu.ar\/index.php\/wp-json\/wp\/v2\/comments?post=1296"}],"version-history":[{"count":22,"href":"https:\/\/desdelapatagonia.uncoma.edu.ar\/index.php\/wp-json\/wp\/v2\/pages\/1296\/revisions"}],"predecessor-version":[{"id":4470,"href":"https:\/\/desdelapatagonia.uncoma.edu.ar\/index.php\/wp-json\/wp\/v2\/pages\/1296\/revisions\/4470"}],"up":[{"embeddable":true,"href":"https:\/\/desdelapatagonia.uncoma.edu.ar\/index.php\/wp-json\/wp\/v2\/pages\/20"}],"wp:attachment":[{"href":"https:\/\/desdelapatagonia.uncoma.edu.ar\/index.php\/wp-json\/wp\/v2\/media?parent=1296"}],"curies":[{"name":"wp","href":"https:\/\/api.w.org\/{rel}","templated":true}]}}